 -313 - 132301101?
-132301414
In base 7, what is 210033 - 10531?
166202
In base 7, what is 2051544454 - -14?
2051544501
In base 10, what is 731638 + -813?
730825
In base 2, what is -1000011110001011000010010 - -11?
-1000011110001011000001111
In base 14, what is -108 - -1257b?
12473
In base 2, what is 1000010111 + -1010001011110111?
-1010000011100000
In base 6, what is -22100405510 - -2?
-22100405504
In base 5, what is 1122110 + -1330?
1120230
In base 6, what is 15 - 2412154220?
-2412154201
In base 11, what is 54359714 - -5?
54359719
In base 16, what is -1844d64 + -15?
-1844d79
In base 3, what is 10 + -220220211121?
-220220211111
In base 7, what is 440563 + 20060?
460653
In base 14, what is 10d7 - 11a6d?
-10976
In base 3, what is -1220212 - -11020011?
2022022
In base 10, what is -189287 - 50?
-189337
In base 15, what is -39974d + -b?
-399759
In base 12, what is -138917 + 593?
-138344
In base 11, what is -9691a + 9a8?
-95a22
In base 10, what is -4 - -6533500?
6533496
In base 9, what is -52764 + 14568?
-37185
In base 12, what is -21 + 75b844?
75b823
In base 13, what is -6b573 - -895?
-6a9ab
In base 6, what is 35501154 + 5?
35501203
In base 2, what is 11111011011001110000 + -10001?
11111011011001011111
In base 4, what is -31011121332 + -10122?
-31011132120
In base 3, what is 1221 + 11101012000120?
11101012002111
In base 14, what is -9496113 + 3?
-9496110
In base 14, what is 213bc6 + 12?
213bd8
In base 7, what is 3221005 + 13?
3221021
In base 14, what is 0 + 18621b50?
18621b50
In base 15, what is 24b3035 - 8?
24b302c
In base 8, what is -1 + -104335?
-104336
In base 8, what is 5212643 - 7?
5212634
In base 16, what is -28281d - -17?
-282806
In base 16, what is -27a + 20b44?
208ca
In base 5, what is -34122022 + -202?
-34122224
In base 4, what is -3030031321033 + -2?
-3030031321101
In base 6, what is -20311 - 1323024?
-1343335
In base 7, what is 1 + 16455122?
16455123
In base 2, what is 110010110011100001111011 - 11101?
110010110011100001011110
In base 8, what is 14023254 + 16?
14023272
In base 5, what is 2 - 4200110442?
-4200110440
In base 4, what is 13 + -10023100320013?
-10023100320000
In base 4, what is -2113122 - -12323?
-2100133
In base 9, what is -23165 - -56283?
33117
In base 10, what is -4 + 52005056?
52005052
In base 8, what is -2 + 445644266?
445644264
In base 14, what is -19 - 6b7957b?
-6b79596
In base 11, what is -562a + 758?
-4982
In base 8, what is 0 + -6240117?
-6240117
In base 16, what is -116 + -d886?
-d99c
In base 6, what is -415212141 + 11?
-415212130
In base 6, what is 4 + -2423151422?
-2423151414
In base 15, what is -bd1 + 2deae?
2d2cd
In base 8, what is 53067 + -37753?
13114
In base 4, what is 1133121 - 31232312?
-30033131
In base 8, what is 57 + 261630?
261707
In base 5, what is 4 + -13412202012?
-13412202003
In base 9, what is 121 + -20813?
-20682
In base 15, what is 1beb3 + -2?
1beb1
In base 15, what is 1ac + 94c8?
9685
In base 14, what is -ddb2 - 14b8?
-1148a
In base 4, what is -3030210201 + 23100?
-3030121101
In base 8, what is 155467 + 173?
155662
In base 7, what is 125525060 + 5?
125525065
In base 12, what is 7511788 + -1?
7511787
In base 10, what is -192 - 314030?
-314222
In base 12, what is 22389b7 + b?
2238a06
In base 12, what is -14 - 546923?
-546937
In base 12, what is -69a1aa + b?
-69a19b
In base 3, what is -220200122021 + 10111111?
-220120010210
In base 5, what is -1113 - -2022444?
2021331
In base 13, what is -3 + -24a507?
-24a50a
In base 4, what is -201120012112 - 2?
-201120012120
In base 15, what is -1854 + -a56?
-23aa
In base 5, what is 110440324 - -31?
110440410
In base 6, what is -1535 - 51325?
-53304
In base 8, what is 71153645 - -7?
71153654
In base 13, what is -106 - -273067?
272c61
In base 7, what is 56042553 + -2?
56042551
In base 14, what is -78200 - -c8?
-78116
In base 7, what is -12535542 - 1130?
-12540002
In base 16, what is 13d56 + -87?
13ccf
In base 16, what is -284 - -26ec?
2468
In base 16, what is 325fb3 - 5?
325fae
In base 10, what is 14582239 + 7?
14582246
In base 15, what is -5de2 + -1c1b?
-7b0d
In base 7, what is 0 + 31246216?
31246216
In base 4, what is 112310121 + 333?
112311120
In base 14, what is 272 + -565a?
-53c8
In base 13, what is -2 - -191285a?
1912858
In base 10, what is 32 - -1344436?
1344468
In base 7, what is 3 + -20520202?
-20520166
In base 7, what is -4103436545 - -2?
-4103436543
In base 16, what is -58eb + -5c?
-5947
In base 3, what is 0 + -1021000201020101?
-1021000201020101
In base 3, what is 22121112220221221 + 0?
22121112220221221
In base 16, what is -1b491 + -44c?
-1b8dd
In base 12, what is 3 - -1a3245?
1a3248
In base 6, what is 11335 + -351?
10544
In base 10, what is -43804 + 162?
-43642
In base 8, what is -5 + 6153515?
6153510
In base 15, what is -20cc475 + 2?
-20cc473
In base 14, what is 82dd - 2c92?
544b
In base 8, what is -2022077 + 5?
-2022072
In base 5, what is -30441 + -24131?
-110122
In base 2, what is 110111010110100111001011 + 11?
110111010110100111001110
In base 11, what is -15396 - 75?
-15460
In base 3, what is 22111001111201 - 21?
22111001111110
In base 11, what is -a35 + -14a60?
-15995
In base 11, what is 3a7 - 214635?
-214239
In base 7, what is -6433 - -25331?
15565
In base 6, what is -104140 - -13315?
-50421
In base 5, what is -100 - 1311132112?
-1311132212
In base 14, what is 0 - -2db47a1?
2db47a1
In base 13, what is -c + -3c616b0?
-3c616bc
In base 5, what is 2 - 10110132424?
-10110132422
In base 13, what is -179 + -29310?
-29489
In base 11, what is -4 + 283792a?
2837926
In base 7, what is -311 + -225651?
-226262
In base 2, what is 10000000100 - 1011110?
1110100110
In base 15, what is 14011c - -18?
140135
In base 11, what is 110 - -146792?
1468a2
In base 8, what is 4510365 - 3?
4510362
In base 6, what is -5 + -535550534?
-535550543
In base 4, what is -21222233 + -11221111?
-33110010
In base 9, what is 4 + 33688642?
33688646
In base 8, what is 14232 - 31467?
-15235
In base 4, what is -122033 + 30133110?
30011011
In base 5, what is 1024202411 - 24?
1024202332
In base 10, what is -261 + 7038?
6777
In base 4, what is 320202110132 - -10?
320202110202
In base 10, what is -87165 + -1032?
-88197
In base 12, what is 165469 - -5a4?
165a51
In base 4, what is -2 - 22322023003?
-22322023011
In base 16, what is 1114cb - 3?
1114c8
In base 8, what is -3 + 341020320?
341020315
In base 4, what is -210020101 - 203?
-210020310
In base 16, what is 1e15 + -f4?
1d21
In base 6, what is -45203351 - 151?
-45203542
In base 5, what is 3 + -2433320300?
-2433320242
In base 15, what is -110 + 183a3d?
18392d
In base 9, what is -22 - 100768467?
-100768500
In base 11, what is 3 - 5465a221?
-5465a219
In base 6, what is -1045 - -204450340?
204445251
In base 11, what is 53948 - -879?
54716
In base 10, what is 74 + -336976?
-336902
In base 3, what is 21012201022011112 - 10?
21012201022011102
In base 7, what is -66 - 1521446?
-1521545
In base 11, what is 25 - -3105890?
3105905
In base 4, what is 0 - 22212300013?
-22212300013
In base 10, what is -17158 + -1111?
-18269
In base 7, what is 1523236 - -43?
1523312
In base 11, what is -7 - -92306?
922aa
In base 6, what is -4 - -3454131253?
3454131245
In base 2, what is -101001111110101000011011 - 101?
-101001111110101000100000
In base 13, what is 4c - b76742?
-b766c3
In base 10, what is 2253477 + 154?
2253631
In base 15, what is -b78 + 1eed?
1375
In base 12, what is -1 - 1467320?
-1467321
In base 3, what is -10012211210112 - -1?
-10012211210111
In base 14, what is b25171 - a?
b25165
In base 7, what is 6504102 + 122?
6504224
In base 14, what is 5024 + -125d9?
-b5b5
In base 13, what is -157a6 - 35?
-1580b
In base 5, what is 1 - -11144224314?
11144224320
In base 15, what is -4690da + 1?
-4690d9
In base 6, what is 2101405 + -353?
2101012
In base 4, what is -13003 + -12021330?
-12100333
In base 4, what is -2 + -332111330?
-332111332
In base 10, what is -13905098 - -4?
-13905094
In base 11, what is -3124 + 10a4?
-2030
In base 8, what is 3 - 41357350?
-41357345
In base 11, what is -11 - 1672340?
-1672351
In base 10, what is 73 + -92451?
-92378
In base 12, what is -62649 + -94?
-62721
In base 11, what is 21a631882 + 0?
21a631882
In base 5, what is -23 + -333341311?
-333341334
In base 16, what is 6524df - 1?
6524de
In base 14, what is 961bb3c + -4?
961bb3